- -588) + 1 + (-2 - -16)?
-22
What is the value of 6 + -19 + 21 + 6?
14
Evaluate -10 - -1 - ((72 - 70) + 17).
-28
13 + -1 + -5 - (5 + -1) - 15
-12
Calculate -18 + 29 - (3 - -3 - (1 - 0)).
6
-148 - -142 - ((4 - -1 - 13) + 0)
2
Evaluate -3 - ((-2 - 0) + 3) - (-6 - -8).
-6
Evaluate (28 - 8 - 13 - 9) + 23.
21
Evaluate (47 - -5) + -46 + 3 + -21.
-12
What is 1 + -3 + (-1 + 15 - 9)?
3
What is the value of 1 - 30 - (33 + -74 - -34)?
-22
-11 + 8 - 10 - (-4 - (-3 + -2))
-14
Calculate -1 - (7 + -11 + -5).
8
Evaluate 10 + 2 + -3 + 7 + -5.
11
What is the value of -5 - (10 + (-1 - 21))?
7
What is 9 - 2 - (-13 + (-3 - -10)) - 11?
2
What is -20 + (15 - (-5 + 8))?
-8
Calculate 5 - (7 + 14 + -25).
9
What is the value of (8 - 4 - 0) + (18 - 6) + -3?
13
Evaluate 236 + -271 - (0 + -1 + -13).
-21
Evaluate -6 + (6 - (-15 + 9 - 5)).
11
What is (-8 - -2) + -8 + -6 + -3 + 13?
-10
(-4 - ((-6 - 4 - -19) + -21)) + -2
6
Calculate 3 + -13 + 6 + -11 - -19.
4
Calculate (16 - -18) + -32 + 1 + 11.
14
What is the value of (3 + 12 - 33) + -3 + 10 + -2?
-13
Evaluate 10 - (2 + -2 - -2).
8
-8 - (-20 + 18 + -5)
-1
What is (12 - (-8 - -11)) + -5 + -2?
2
What is 14 + (10 - 12) + (-30 - 9)?
-27
Calculate (-7 - -20) + (-11 + 5 - 3).
4
What is the value of -11 + (-7 - -11) + 4 + (5 - 0)?
2
(-1 - 2 - -17) + (189 - 206)
-3
Calculate (-9 - -19) + -20 - (2 + 9).
-21
Calculate 22 - -8 - 61 - -24.
-7
Calculate -3 + (8 - -6) - 13.
-2
Calculate -6 + 25 + -9 + -37.
-27
Calculate 4 + 4 - (0 + 23 + -13 - -4).
-6
Evaluate 29 - (-1 + -1 - (-13 - -1)).
19
What is the value of 13 - ((9 - -3) + -6) - (-3 - 0)?
10
What is the value of -195 - -189 - (3 + 0)?
-9
Calculate -9 - (-1 + -13 + -7) - 22.
-10
Evaluate (-7 + 18 - 28) + 2 + -16 + 7.
-24
Calculate -2 + 2 + -6 - (2 - (-5 - -8)).
-5
(4 - (4 + -6 - -11 - 13)) + -6
2
(-7 - (-12 - -13)) + (4 + 2 - 19)
-21
What is the value of 85 + -76 - (4 - (-2 + 2)) - 13?
-8
What is the value of -65 - (-6 + (-41 - -5))?
-23
What is the value of -1 + 16 - 2 - (3 + -20 - -23)?
7
Calculate 4 + 2 + 16 + -26 + 12.
8
-6 + (6 + -1 + -1 - 1)
-3
(-99 - -99) + 7 + -2
5
What is -3 + 1 + 0 + 15 + 51 + -52?
12
Calculate -5 + (13 + -13 - (-4 - 6)).
5
Evaluate -5 + (-7 - -11) + 26.
25
Evaluate 9 + (28 - 8) + -39.
-10
-7 + 2 - -16 - 6
5
-13 - -16 - (8 + -2)
-3
What is the value of -20 - (-6 - (-17 - -28))?
-3
What is -6 - (0 + 28 + -22)?
-12
What is -12 + 10 + 0 + 10 - 15 - 6?
-13
Calculate 5 - (-1 - (-2 - -1 - 5)) - 4.
-4
Evaluate -58 - (20 + -36 - 12).
-30
5 + -1 + -12 + 7
-1
What is the value of (-5 - 1) + 8 + -2 + (-1 - 2)?
-3
Calculate 7 + (-10 + -30 - -26).
-7
What is the value of (5 - -3) + -26 + -11 - -12?
-17
What is 6 + (-5 - (5 - (8 - 0))) - 24?
-20
What is -37 + 32 - (-32 + 9)?
18
What is the value of (2 - 1) + (13 + -2 - 0)?
12
1 + (5 + -4 + 1 - 8) - -4
-1
Evaluate -2 - (-24 + 19 + 25).
-22
What is the value of -7 + 13 - -2 - (4 + 6) - 9?
-11
What is -8 + 2 + -2 + 7 - -7?
6
-8 - ((1 - 4) + -1 + -8)
4
What is the value of 13 + (5 - (10 + 4)) - 11?
-7
What is (2 - 8 - -15) + (-38 - -19)?
-10
Evaluate (2 - (-6 + 1 + 1)) + -21 + -3.
-18
Calculate (34 + -28 - (3 - -2)) + (-19 - -29).
11
What is the value of 1 + 4 + -6 + -24?
-25
What is -2 + 0 + -12 + -17 + 22 - -6?
-3
What is the value of 27 - (28 - 8) - 13?
-6
Evaluate -7 + -16 + 14 - -10.
1
What is the value of 1 + 1 + 10 + (4 - 11) - -6?
11
-13 - (-6 - 2) - 7
-12
What is the value of -391 + 408 + (-2 - 1)?
14
What is the value of (2 - (5 + 1)) + (1 - -2) + 3?
2
Evaluate 26 + -1 - (1570 + -1530).
-15
Evaluate (-37 - 1) + 294 + -266.
-10
Evaluate (0 - (-2 - 0)) + -5 - (8 + 2).
-13
Evaluate 5 + (1 - (-7 + 7 - -6 - -9)).
-9
Evaluate 0 + (0 - -8) - (-4 - -34 - 35).
13
Calculate -177 + 148 + 33 + -7.
-3
Evaluate -385 + 377 - (1 + -1 - 25 - -1).
16
Calculate 5 + 4 - (-3 - -8).
4
(7 - 5) + 5 - 10 - (16 + 5)
-24
Calculate (2 - 11 - (-16 - -17)) + 19 + -4.
5
Evaluate (-17 - -11 - 18) + 13.
-11
Calculate -43 + 48 + 4 + 4.
13
Evaluate 5 + (2 - 8) + 5.
4
(-1 - 14) + (818 - 825)
-22
Calculate (-12 - (34 - 21)) + 20.
-5
Evaluate (3 - 1) + (2 - 20) + 8.
-8
Evaluate 25 + -11 + (-27 - -3).
-10
What is the value of -15 - (-33 + 11) - (-7 + 2 + 5)?
7
Calculate 9 - (9 - (10 + (-9 - -11))).
12
Evaluate 1 + 1 + (-3 - (-11 - -11)).
-1
1 + (7 - 9 - -2) + 4 + 14
19
What is the value of (-34 - -15 - -11) + 1 + -4?
-11
Calculate 15 + (4 - (4 - (2 - 1)) - 4).
12
Evaluate (-1 + 9 - 2) + 27 + -35.
-2
What is -1 + 0 + (6 - 3) - (3 - 9)?
8
What is 63 - 44 - (-4 - -33)?
-10
Calculate (-5 - -17) + (30 - 48) + -8.
-14
1 + 7 + (0 - (-23 + 22)) + -13
-4
Evaluate (-16 - (2 + -1)) + (-2189 - -2202).
-4
-12 - (8 + -24) - (1 + 0 - -1)
2
Evaluate 6 + -3 - (43 + -4 - 4).
-32
11 - 18 - 10 - (-6 + 2)
-13
What is -1 + (23 - 10) + (-1 - 33)?
-22
Evaluate (18 + -1 - (2 + -2)) + (-42 - -42).
17
What is the value of -7 - (-12 + 7 + 6 + 5 - -6)?
-19
-3 + 0 + (291 - 294) + 2
-4
Calculate (5 - -2) + 1 + -11 + 10 + -16.
-9
What is (5 - 4) + (-3 - -10) + 9 + -24?
-7
Calculate -3 - -1 - 4 - (-57 + 49).
2
What is the value of 2 - ((71 - 79) + 8 + 0)?
2
What is -2 + 7 + (-10 - (5 + -16))?
6
Evaluate 0 - -7 - (14 - (-10 - -21)).
4
What is the value of 9 + -20 + 15 + 0 + -2?
2
2 + (11 - 15 - (-1 + -3)) + -13
-11
What is (-29 - ((0 - 1) + -3)) + (52 - 46)?
-19
What is the value of (-9 - (-35 - -17)) + -5?
4
Calculate 10 - (3 - 1) - 24.
-16
Calculate 7 + -1 - (-11 + (-10 - -30) + -1).
-2
Calculate -9 - ((-6 - (-10 - -8)) + 1 + 0).
-6
What is 9 + 0 + (-6 - (-9 + 8) - 5)?
-1
What is -6 - (-7 - -2 - (13 - 4)) - -1?
9
Evaluate -9 + -2 + 3 + -12 + 12.
-8
What is the value of -5 + -2 + 4 + 22 + (-20 - -15)?
14
(-1 - 8) + -176 + 175
-10
Calculate -13 + 22 + -5 + 2 + 14.
20
-16 + 6 + 2 + 27 + 6
25
What is the value of (5 - 11) + 2 - -9?
5
What is the value of 189 - 205 - (3 + 1 - 2)?
-18
What is the value of 8 - ((15 - 27) + 18)?
2
Calculate 0 + (-18 - -9) + 16.
7
16 + -15 + 8 + -2
7
8 + -20 + 18 + -12
-6
Calculate -2 - (-3 - -1) - (-3 - (1 + -3)).
1
23 - 1 - (307 + -294)
9
8 + -2 + 7 + (1 - 2) + -3
9
Calculate -21 - (34 - (4 + 16)).
-35
What is the value of -89 + 82 - (-12 - -2)?
3
Calculate (15 - (21 + -4)) + -2.
-4
81 - 74 - (-3 + (-2 - -3) + -9)
18
Calculate -8 - -7 - (1 + (4 - 4) + -5).
3
What is 1 + (2 - (15 + -6 + 5 + -12))?
1
Evaluate 12 - (18 + 1) - (-5 + -3 + 1).
0
What is the value of 1 + 8 - 8 - (-1 - (3 + -2))?
3
Evaluate 5 + 5 + -11 + -11.
-12
(8 - (4 + 10)) + 12 + 0 + -3
3
What is the value of (-33 - -25) + 10 - (-5 + 1)?
6
Evaluate 1 + (3 - (-2 + -5 + 1 - -12)).
-2
(0 - 8) + 22 + -6 - (5 + -4)
7
What is 6 + -2 - (5 + 11)?
-12
What is -1 + -5 + 18 + -14 + 6?
4
What is -8 + (-20 - -29) - (-2 + 0)?
3
34 + -20 + -4 + -47 + 5
-32
-1 + (3 - (-3 - (-10 - -2)))
-3
What is -43 - -30 - (-21 - 3)?
11
What is the value of -1 + 0 + (-85 - -86) - 9?
-9
What is the value of -13 + (79 + -55 - (1 - -9))?
1
What is the value of 28 - ((-21 - -40) + -25)?
34
1 + (-10 - -4) + 15 + -27
-17
What is the value of (30 - -3) + (-83 - -59)?
9
(0 - 2) + 6 + -22 + (1 - -5)
-12
What is the value of -37 + 23 + 7 + -15?
-22
What is the value of 8 + (0 - 12 - (-4 - -12))?
-12
5 - 2 - (6 - (12 - 10))
-1
Evaluate -9 - (39 - (110 - 28)).
34
What is the value of 9 + (7 - 18) + -13 + 24?
9
What is -43 + 2 - (-4 - 17)?
-20
Calculate -2 + -13 + -2 + 5 + 12.
0
Evaluate 13 + (-11 + -26 - -14).
-10
Evaluate -18 + (-3 - -8 - -6).
-7
What is 0 + -1 + (-33 + 12 - -1)?
-21
14 + (-24 + 5 + -3 - -9)
1
What is the value of 18 - (17 - (6 + 0 + 3))?
10
Evaluate (-6 + 1 - 0) + (21 + -11 - 7).
-2
What is -5 + (9 - ((-6 - (-6 - 5)) + -1))?
0
(-1 - -2) + -6 + (-1 - -7) + 7
8
Calculate (-3 - -7) + (-11 - -1) + 22 + -2.
14
(-9 - (1 - (2 - (-6 + 4)))) + -6
-12
134 + -140 - (1 - (2 + 4))
-1
Evaluate 3 + 5 + -14 - (-3 + 2 + -5).
0
What is 12 - (14 - (-5 - -21))?
14
What is 2 + 1 + -14 - (-171 + 100 + 52)?
8
Evaluate 4 + 23 + -20 + -13.
-6
What is 3 + 0 + (35 - (-21 - -69))?
-10
Calculate (-17 - -24 - -11) + -39.
-21
What is -6 + (2 - -1) + -4 - (-6 + -1)?
0
What is the value of (0 - 6) + 1 + (24 + -1 - 6)?
12
Evaluate 8 + -4 + 8 + 6 + -5.
13
-10 + (38 - (14 + -10 - -10))
14
What is -2 - (-1 + -5) - (5 - 2)?
1
What is -22 + 15 - (1 + 1 + (88 - 93))?
-4
What is the value of -10 - (26 - 60) - -3?
27
What is the value of (-12 - -33) + -2